{"id":1623,"date":"2015-07-06T19:09:30","date_gmt":"2015-07-06T17:09:30","guid":{"rendered":"http:\/\/141.30.37.177\/SFBweb\/?page_id=1623"},"modified":"2019-07-04T17:23:41","modified_gmt":"2019-07-04T15:23:41","slug":"a05-prozessaktuelle-systemsimulation-2","status":"publish","type":"page","link":"https:\/\/transregio96.webspace.tu-dresden.de\/index.php\/thermo-energetische-gestaltung-von-werkzeugmaschinen\/a05-prozessaktuelle-systemsimulation-2\/","title":{"rendered":"A05: Prozessaktuelle Systemsimulation"},"content":{"rendered":"<h1>Systemsimulation des prozessaktuellen Werkzeugmaschinenabbildes<\/h1>\n<h2>Teilprojektleiter:<\/h2>\n<p>Prof. Dr.-Ing. Michael Beitelschmidt: TU Dresden, Institut f\u00fcr Festk\u00f6rpermechanik, Professur f\u00fcr Dynamik\/Mechanismentechnik<br \/>\nProf. Dr.-Ing. Steffen Ihlenfeldt: TU Dresden, Institut f\u00fcr Mechatronischen Maschinenbau, Professur f\u00fcr Werkzeugmaschinenentwicklung und adaptive Steuerung<\/p>\n<p>Das TP A05 befasst sich mit der Entwicklung, Validierung und Bereitstellung von Modellierungsmethoden zur thermo-elastischen Simulation von Gesamtmaschinenmodellen, welche die Methoden und Teilmodelle (TM) der anderen TP beinhalten und f\u00fcr variable Einsatzszenarien wie die Maschinenauslegung oder die strukturmodellbasierte Korrektur thermischer Fehler im Betrieb genutzt werden k\u00f6nnen. Ziel in Phase\u00a03 ist die Bereitstellung von aussagef\u00e4higen thermo-elastischen WZM-Gesamtmodellen, die aus TM unterschiedlichen Typs bedarfsgerecht zusammengesetzt werden. Zentrale Schwerpunkte der Arbeiten sind die Erweiterung der Modellierungstechniken zur Bestimmung des Verformungsfeldes aus dem Temperaturfeld sowie die Absch\u00e4tzung und Absicherung der G\u00fcte der einzelnen TM unterschiedlichen Typs f\u00fcr relevante Einsatzszenarien. Im Vordergrund stehen dabei vor allem G\u00fcltigkeitsbereich, Sensitivit\u00e4t und Unsicherheiten der TM und ihrer Parameter.<\/p>\n","protected":false},"excerpt":{"rendered":"<p>Systemsimulation des prozessaktuellen Werkzeugmaschinenabbildes Teilprojektleiter: Prof. Dr.-Ing. Michael Beitelschmidt: TU Dresden, Institut f\u00fcr Festk\u00f6rpermechanik, Professur f\u00fcr Dynamik\/Mechanismentechnik Prof. Dr.-Ing. Steffen Ihlenfeldt: TU Dresden, Institut f\u00fcr Mechatronischen Maschinenbau, Professur f\u00fcr Werkzeugmaschinenentwicklung und adaptive Steuerung Das TP A05 befasst sich mit der Entwicklung, Validierung und Bereitstellung von Modellierungsmethoden zur thermo-elastischen Simulation von Gesamtmaschinenmodellen, welche die Methoden und Teilmodelle<\/p>\n<p><a class=\"more-link\" href=\"https:\/\/transregio96.webspace.tu-dresden.de\/index.php\/thermo-energetische-gestaltung-von-werkzeugmaschinen\/a05-prozessaktuelle-systemsimulation-2\/\">Weiterlesen<\/a><\/p>\n","protected":false},"author":2,"featured_media":0,"parent":168,"menu_order":0,"comment_status":"closed","ping_status":"closed","template":"sidebar-page.php","meta":{"footnotes":""},"aioseo_notices":[],"_links":{"self":[{"href":"https:\/\/transregio96.webspace.tu-dresden.de\/index.php\/wp-json\/wp\/v2\/pages\/1623"}],"collection":[{"href":"https:\/\/transregio96.webspace.tu-dresden.de\/index.php\/wp-json\/wp\/v2\/pages"}],"about":[{"href":"https:\/\/transregio96.webspace.tu-dresden.de\/index.php\/wp-json\/wp\/v2\/types\/page"}],"author":[{"embeddable":true,"href":"https:\/\/transregio96.webspace.tu-dresden.de\/index.php\/wp-json\/wp\/v2\/users\/2"}],"replies":[{"embeddable":true,"href":"https:\/\/transregio96.webspace.tu-dresden.de\/index.php\/wp-json\/wp\/v2\/comments?post=1623"}],"version-history":[{"count":2,"href":"https:\/\/transregio96.webspace.tu-dresden.de\/index.php\/wp-json\/wp\/v2\/pages\/1623\/revisions"}],"predecessor-version":[{"id":3502,"href":"https:\/\/transregio96.webspace.tu-dresden.de\/index.php\/wp-json\/wp\/v2\/pages\/1623\/revisions\/3502"}],"up":[{"embeddable":true,"href":"https:\/\/transregio96.webspace.tu-dresden.de\/index.php\/wp-json\/wp\/v2\/pages\/168"}],"wp:attachment":[{"href":"https:\/\/transregio96.webspace.tu-dresden.de\/index.php\/wp-json\/wp\/v2\/media?parent=1623"}],"curies":[{"name":"wp","href":"https:\/\/api.w.org\/{rel}","templated":true}]}}