{"id":2875,"date":"2016-12-05T15:28:48","date_gmt":"2016-12-05T14:28:48","guid":{"rendered":"http:\/\/141.76.19.93\/SFBweb\/?page_id=2875"},"modified":"2024-05-15T14:53:18","modified_gmt":"2024-05-15T12:53:18","slug":"projektbereich-t-transferprojekte","status":"publish","type":"page","link":"https:\/\/transregio96.webspace.tu-dresden.de\/index.php\/projektbereich-t-transferprojekte\/","title":{"rendered":"Projektbereich T: Transferprojekte"},"content":{"rendered":"<p>Der Projektbereich T b\u00fcndelt die Transferprojekte, die gemeinsam mit Anwendungspartnern bearbeitet werden.<\/p>\n<h2>laufend<\/h2>\n<p><strong>T09<\/strong> <em>Gestaltung und Optimierung von K\u00fchlstrukturen in Kompaktachsen <\/em><em>auf Basis simulierter 3D-Temperaturfelder<\/em><br \/>\nProjektleiter: Prof. Weber \/ Prof. Ihlenfeldt<\/p>\n<p><span style=\"font-family: 'Arial',sans-serif;\">Das Ziel des Transferprojekts ist die Entwicklung einer Methodik zur effizienten Modellierung und Berechnung des thermischen Haushalts von linearen Kompaktachsen und ihrer K\u00fchlstruktur. Die Modelle sollen dabei die thermischen Wechselwirkungen zwischen Fluidkreisl\u00e4ufen, relativbewegter Struktur und Umgebung ber\u00fccksichtigen. Weiterhin sollen die Modelle in der Lage sein, das zeitliche und \u00f6rtliche Temperaturfeld in Abh\u00e4ngigkeit der auftretenden thermischen Lasten (W\u00e4rmequellen, K\u00fchlung) zu bestimmen.<\/span><\/p>\n<p><strong>T11<\/strong> <em>Datenbasierte Untersuchung der thermo-elastisch bedingten <\/em><em>TCP-Abweichungen mithilfe von neuronalen Netzen<\/em> (Kurztitel: DataNet)<br \/>\nProjektleiter: Prof. Brecher<\/p>\n<p>Das Ziel des Transferprojekts ist die Entwicklung eines Korrekturmodells, das auf Basis eines schnell rechnenden K\u00fcnstlichen Neuronalen Netzes thermo-elastische Fehler berechnet. Das Modell verwendet ausschlie\u00dflich maschineninterne Daten als Eingangsgr\u00f6\u00dfe. Deshalb l\u00e4sst es sich zeiteffizient parametrieren und kann kosteng\u00fcnstig auf eine Vielzahl verschiedener Maschinen \u00fcbertragen werden. Als Ergebnis kann der Industriepartner mit dem Modell die erreichbare Bearbeitungsqualit\u00e4t seiner Werkzeugmaschinen steigern.<\/p>\n<p>Der Projektbereich T b\u00fcndelt die Transferprojekte, die gemeinsam mit Anwendungspartnern bearbeitet werden. Die Arbeiten stehen in Zusammenhang mit der T\u00e4tigkeit der AG Demonstratoren, durch die der Output in die Unternehmen bzw. die Fragestellung aus der Bearbeitung in den SFB\/TR 96 zur\u00fcck, geleitet wird.<\/p>\n<h2>neu ab 1.7.2024<\/h2>\n<p><strong>T12<\/strong> <em>Ber\u00fccksichtigung von mehrphasigen Fluid-Festk\u00f6rper-Wechselwirkungen im Arbeitsraum spanender Werkzeugmaschinen f\u00fcr eine prozess-sensitive Thermo-Korrektur (Prozess-sensitive Thermo-Korrektur durch Mehrphasen-Arbeitsraummodelle)<br \/>\n<\/em>Projektleiter: Dr. Gl\u00e4nzel (IWU), Dr. Regel (TUC)<em><br \/>\n<\/em><\/p>\n<p><strong>T14<\/strong> <em>Simulationsgest\u00fctzte Optimierung des Fr\u00e4sprozesses durch Regulierung der Werkzeugtemperatur<br \/>\n<\/em>Projektleiter: Prof. Bergs, Prof. Kneer (RWTH)<\/p>\n<p><strong>T15<\/strong> <em>Datenbasierte Parametrierung des thermo-elastischen Maschinenverhaltens mithilfe von vorhandenen Daten der Qualit\u00e4tssicherung<br \/>\n<\/em>Projektleiter:<em> Prof. Brecher (RWTH)<\/em><\/p>\n<p><strong>T16<\/strong> <em>Nachhaltigkeitszentrierte Regelung aktiver K\u00fchlsysteme von Spindeln\u00a0 in Werkzeugmaschinen<br \/>\n<\/em>Projektleiter:<em> Prof. Brecher (RWTH)<br \/>\n<\/em><\/p>\n<p><strong>T21<\/strong> <em>Thermisch robuster Leichtbau mittels hybrider Optimierungsstrategie<br \/>\n<\/em>Projektleiter: Prof. Ihlenfeldt (TUD)<\/p>\n<p><strong>T22<\/strong> <em>Sensorisches Spindelsystem zur Korrektur der thermisch bedingten TCP-Abweichung in Abh\u00e4ngigkeit variierender W\u00e4rmelasten<br \/>\n<\/em>Projektleiter: Prof. Dix, Dr. Regel\u00a0 (TUC)<\/p>\n<h2>abgeschlossen<\/h2>\n<p><strong>T01<\/strong> <em>Methodik zur effizienten Parametrierung von thermo-elastischen Korrekturmodellen am Beispiel eines fremdgetriebenen Spindelsystems (Kurztitel: Effiziente Parametrierung)<\/em><\/p>\n<p><strong>T02<\/strong> <em>Robuste und thermo-energetisch optimierte Temperierung von Werk-zeugmaschinengestellen mittels fluidtechnischer Systeme (Kurztitel: Effiziente Gestelltemperierung)<\/em><\/p>\n<p><strong>T05<\/strong><em> Effiziente Simulationstechnologie zur Analyse des thermo-elastischen Verhaltens kompakter Baugruppen von Werkzeugmaschinen (Kurztitel: Verhaltensanalyse kompakter Baugruppen)<\/em><\/p>\n","protected":false},"excerpt":{"rendered":"<p>Der Projektbereich T b\u00fcndelt die Transferprojekte, die gemeinsam mit Anwendungspartnern bearbeitet werden. laufend T09 Gestaltung und Optimierung von K\u00fchlstrukturen in Kompaktachsen auf Basis simulierter 3D-Temperaturfelder Projektleiter: Prof. Weber \/ Prof. Ihlenfeldt Das Ziel des Transferprojekts ist die Entwicklung einer Methodik zur effizienten Modellierung und Berechnung des thermischen Haushalts von linearen Kompaktachsen und ihrer K\u00fchlstruktur. Die Modelle<\/p>\n<p><a class=\"more-link\" href=\"https:\/\/transregio96.webspace.tu-dresden.de\/index.php\/projektbereich-t-transferprojekte\/\">Weiterlesen<\/a><\/p>\n","protected":false},"author":8,"featured_media":0,"parent":0,"menu_order":8,"comment_status":"closed","ping_status":"closed","template":"","meta":{"footnotes":""},"aioseo_notices":[],"_links":{"self":[{"href":"https:\/\/transregio96.webspace.tu-dresden.de\/index.php\/wp-json\/wp\/v2\/pages\/2875"}],"collection":[{"href":"https:\/\/transregio96.webspace.tu-dresden.de\/index.php\/wp-json\/wp\/v2\/pages"}],"about":[{"href":"https:\/\/transregio96.webspace.tu-dresden.de\/index.php\/wp-json\/wp\/v2\/types\/page"}],"author":[{"embeddable":true,"href":"https:\/\/transregio96.webspace.tu-dresden.de\/index.php\/wp-json\/wp\/v2\/users\/8"}],"replies":[{"embeddable":true,"href":"https:\/\/transregio96.webspace.tu-dresden.de\/index.php\/wp-json\/wp\/v2\/comments?post=2875"}],"version-history":[{"count":11,"href":"https:\/\/transregio96.webspace.tu-dresden.de\/index.php\/wp-json\/wp\/v2\/pages\/2875\/revisions"}],"predecessor-version":[{"id":5341,"href":"https:\/\/transregio96.webspace.tu-dresden.de\/index.php\/wp-json\/wp\/v2\/pages\/2875\/revisions\/5341"}],"wp:attachment":[{"href":"https:\/\/transregio96.webspace.tu-dresden.de\/index.php\/wp-json\/wp\/v2\/media?parent=2875"}],"curies":[{"name":"wp","href":"https:\/\/api.w.org\/{rel}","templated":true}]}}