{"id":3471,"date":"2019-07-04T16:19:21","date_gmt":"2019-07-04T14:19:21","guid":{"rendered":"http:\/\/141.76.19.93\/SFBweb\/?page_id=3471"},"modified":"2019-07-04T16:36:27","modified_gmt":"2019-07-04T14:36:27","slug":"arbeitsgruppen-2","status":"publish","type":"page","link":"https:\/\/transregio96.webspace.tu-dresden.de\/index.php\/struktur\/arbeitsgruppen-2\/","title":{"rendered":"Arbeitsgruppen"},"content":{"rendered":"<div id=\"pl-3471\"  class=\"panel-layout\" ><div id=\"pg-3471-0\"  class=\"panel-grid panel-no-style\" ><div id=\"pgc-3471-0-0\"  class=\"panel-grid-cell\" ><div id=\"panel-3471-0-0-0\" class=\"so-panel widget widget_sow-editor panel-first-child panel-last-child\" data-index=\"0\" ><div\n\t\t\t\n\t\t\tclass=\"so-widget-sow-editor so-widget-sow-editor-base\"\n\t\t\t\n\t\t>\n<div class=\"siteorigin-widget-tinymce textwidget\">\n\t<p>Den Arbeitsgruppen obliegt die Aufgabe, \u00fcbergreifende Arbeiten fachlich zu koordinieren und Erkenntnisse zu verbreiten. In der Arbeitsgruppe Demonstratoren wird die Arbeit an den Integrationsobjekten koordiniert. In den Arbeitsgruppen besteht auch die M\u00f6glichkeit, im kollegialen Austausch gemeinsam L\u00f6sungen zu entwickeln und Erfahrungen anderer Standorte aufzugreifen.<\/p>\n<\/div>\n<\/div><\/div><\/div><\/div><div id=\"pg-3471-1\"  class=\"panel-grid panel-no-style\" ><div id=\"pgc-3471-1-0\"  class=\"panel-grid-cell\" ><div id=\"panel-3471-1-0-0\" class=\"so-panel widget widget_sow-image panel-first-child\" data-index=\"1\" ><div\n\t\t\t\n\t\t\tclass=\"so-widget-sow-image so-widget-sow-image-default-8b5b6f678277-3471\"\n\t\t\t\n\t\t>\n\n<div class=\"sow-image-container\">\n\t\t<img loading=\"lazy\" decoding=\"async\" src=\"https:\/\/transregio96.webspace.tu-dresden.de\/wp-content\/uploads\/2019\/07\/AG-expMethodik.png\" width=\"271\" height=\"282\" sizes=\"(max-width: 271px) 100vw, 271px\" title=\"AG expMethodik\" alt=\"Illustration der AG Experimentelle Methodik\" \t\tclass=\"so-widget-image\"\/>\n\t<\/div>\n\n<\/div><\/div><div id=\"panel-3471-1-0-1\" class=\"so-panel widget widget_sow-editor panel-last-child\" data-index=\"2\" ><div\n\t\t\t\n\t\t\tclass=\"so-widget-sow-editor so-widget-sow-editor-base\"\n\t\t\t\n\t\t>\n<div class=\"siteorigin-widget-tinymce textwidget\">\n\t<p>Gew\u00e4hrleistung der Vergleichbarkeit experimentell erhobener thermischer Daten<\/p>\n<\/div>\n<\/div><\/div><\/div><div id=\"pgc-3471-1-1\"  class=\"panel-grid-cell\" ><div id=\"panel-3471-1-1-0\" class=\"so-panel widget widget_sow-image panel-first-child\" data-index=\"3\" ><div\n\t\t\t\n\t\t\tclass=\"so-widget-sow-image so-widget-sow-image-default-8b5b6f678277-3471\"\n\t\t\t\n\t\t>\n\n<div class=\"sow-image-container\">\n\t\t<img loading=\"lazy\" decoding=\"async\" src=\"https:\/\/transregio96.webspace.tu-dresden.de\/wp-content\/uploads\/2019\/07\/AG-Parametr.png\" width=\"267\" height=\"279\" sizes=\"(max-width: 267px) 100vw, 267px\" title=\"AG Parametr\" alt=\"Illustration der AG Simulation und Parametrierung\" \t\tclass=\"so-widget-image\"\/>\n\t<\/div>\n\n<\/div><\/div><div id=\"panel-3471-1-1-1\" class=\"so-panel widget widget_sow-editor panel-last-child\" data-index=\"4\" ><div\n\t\t\t\n\t\t\tclass=\"so-widget-sow-editor so-widget-sow-editor-base\"\n\t\t\t\n\t\t>\n<div class=\"siteorigin-widget-tinymce textwidget\">\n\t<ul>\n<li>Abstimmung der Modelle aufeinander<\/li>\n<li>Erfahrungsaustausch zur Parameteridentifikation<\/li>\n<\/ul>\n<\/div>\n<\/div><\/div><\/div><div id=\"pgc-3471-1-2\"  class=\"panel-grid-cell\" ><div id=\"panel-3471-1-2-0\" class=\"so-panel widget widget_sow-image panel-first-child\" data-index=\"5\" ><div\n\t\t\t\n\t\t\tclass=\"so-widget-sow-image so-widget-sow-image-default-8b5b6f678277-3471\"\n\t\t\t\n\t\t>\n\n<div class=\"sow-image-container\">\n\t\t<img loading=\"lazy\" decoding=\"async\" src=\"https:\/\/transregio96.webspace.tu-dresden.de\/wp-content\/uploads\/2019\/07\/AG-demonstratoren.png\" width=\"314\" height=\"285\" srcset=\"https:\/\/transregio96.webspace.tu-dresden.de\/wp-content\/uploads\/2019\/07\/AG-demonstratoren.png 314w, https:\/\/transregio96.webspace.tu-dresden.de\/wp-content\/uploads\/2019\/07\/AG-demonstratoren-300x272.png 300w\" sizes=\"(max-width: 314px) 100vw, 314px\" title=\"AG demonstratoren\" alt=\"Illustration der AG Demonstratoren\" \t\tclass=\"so-widget-image\"\/>\n\t<\/div>\n\n<\/div><\/div><div id=\"panel-3471-1-2-1\" class=\"so-panel widget widget_sow-editor panel-last-child\" data-index=\"6\" ><div\n\t\t\t\n\t\t\tclass=\"so-widget-sow-editor so-widget-sow-editor-base\"\n\t\t\t\n\t\t>\n<div class=\"siteorigin-widget-tinymce textwidget\">\n\t<ul>\n<li>organisatorische und inhaltliche Abstimmung bei der Arbeit an den Demonstratoren<\/li>\n<li>Abstimmung der erfassten Forschungsdaten und deren Nachnutzbarkeit<\/li>\n<li>Wechselwirkungen entwickelter Korrektur- und Kompensationsl\u00f6sungen an den Integrationsobjekten und Demonstratormaschinen<\/li>\n<\/ul>\n<\/div>\n<\/div><\/div><\/div><\/div><\/div>","protected":false},"excerpt":{"rendered":"<p>Den Arbeitsgruppen obliegt die Aufgabe, \u00fcbergreifende Arbeiten fachlich zu koordinieren und Erkenntnisse zu verbreiten. In der Arbeitsgruppe Demonstratoren wird die Arbeit an den Integrationsobjekten koordiniert. In den Arbeitsgruppen besteht auch die M\u00f6glichkeit, im kollegialen Austausch gemeinsam L\u00f6sungen zu entwickeln und Erfahrungen anderer Standorte aufzugreifen. Gew\u00e4hrleistung der Vergleichbarkeit experimentell erhobener thermischer Daten Abstimmung der Modelle aufeinander Erfahrungsaustausch<\/p>\n<p><a class=\"more-link\" href=\"https:\/\/transregio96.webspace.tu-dresden.de\/index.php\/struktur\/arbeitsgruppen-2\/\">Weiterlesen<\/a><\/p>\n","protected":false},"author":2,"featured_media":0,"parent":283,"menu_order":0,"comment_status":"closed","ping_status":"closed","template":"sidebar-page.php","meta":{"footnotes":""},"aioseo_notices":[],"_links":{"self":[{"href":"https:\/\/transregio96.webspace.tu-dresden.de\/index.php\/wp-json\/wp\/v2\/pages\/3471"}],"collection":[{"href":"https:\/\/transregio96.webspace.tu-dresden.de\/index.php\/wp-json\/wp\/v2\/pages"}],"about":[{"href":"https:\/\/transregio96.webspace.tu-dresden.de\/index.php\/wp-json\/wp\/v2\/types\/page"}],"author":[{"embeddable":true,"href":"https:\/\/transregio96.webspace.tu-dresden.de\/index.php\/wp-json\/wp\/v2\/users\/2"}],"replies":[{"embeddable":true,"href":"https:\/\/transregio96.webspace.tu-dresden.de\/index.php\/wp-json\/wp\/v2\/comments?post=3471"}],"version-history":[{"count":11,"href":"https:\/\/transregio96.webspace.tu-dresden.de\/index.php\/wp-json\/wp\/v2\/pages\/3471\/revisions"}],"predecessor-version":[{"id":3485,"href":"https:\/\/transregio96.webspace.tu-dresden.de\/index.php\/wp-json\/wp\/v2\/pages\/3471\/revisions\/3485"}],"up":[{"embeddable":true,"href":"https:\/\/transregio96.webspace.tu-dresden.de\/index.php\/wp-json\/wp\/v2\/pages\/283"}],"wp:attachment":[{"href":"https:\/\/transregio96.webspace.tu-dresden.de\/index.php\/wp-json\/wp\/v2\/media?parent=3471"}],"curies":[{"name":"wp","href":"https:\/\/api.w.org\/{rel}","templated":true}]}}