{"id":361,"date":"2012-09-10T14:43:06","date_gmt":"2012-09-10T14:43:06","guid":{"rendered":"http:\/\/141.30.37.177\/SFBweb\/?page_id=361"},"modified":"2020-08-14T14:55:36","modified_gmt":"2020-08-14T12:55:36","slug":"projektbereich-c-komponenten-und-maschinengestaltung","status":"publish","type":"page","link":"https:\/\/transregio96.webspace.tu-dresden.de\/index.php\/projektbereich-c-komponenten-und-maschinengestaltung\/","title":{"rendered":"Projektbereich C: Komponenten- und Maschinengestaltung"},"content":{"rendered":"<div class=\"su-row\"><div class=\"su-column su-column-size-2-3\"><div class=\"su-column-inner su-u-clearfix su-u-trim\">Der Projektbereich C b\u00fcndelt alle gestalterischen Arbeiten zur Entwicklung und Erprobung von Kompensationsl\u00f6sungen sowie die Bewertung von Korrektur- und Kompensationsl\u00f6sungen.<\/p>\n<h2>Projektbereichsverantwortlicher:<\/h2>\n<p>Prof. Dr.-Ing. Welf-Guntram Drossel<br \/>\nTU Chemnitz, Institut f\u00fcr Werkzeugmaschinen und Produktionsprozesse, Professur f\u00fcr Adaptronik und Funktionsleichtbau (IWP)<\/p>\n<h2>Teilprojekte:<\/h2>\n<ul>\n<li><strong>C02<\/strong>: Modellierung und Entwurf von Systemen zur aktiven Steuerung der Temperaturverteilung in Gestellbaugruppen<br \/>\nDrossel TU Chemnitz, Institut f\u00fcr Werkzeugmaschinen und Produktionsprozesse, Professur f\u00fcr Adaptronik und Funktionsleichtbau in der Produktion,<\/li>\n<\/ul>\n<ul>\n<li><strong>C03<\/strong>: Systemansatz zur Bestimmung thermo-elastischer Verformungen durch die direkte Messung lokaler Verlagerungen unter Einsatz strukturintegrierter Sensorik<br \/>\nBrecher: Fraunhofer IPT Aachen<\/li>\n<\/ul>\n<ul>\n<li><em>C04 (beendet):<\/em><em>Modellierung und Optimierung des Verlusthaushaltes elektrischer Antriebsmotoren und ihrer thermischen Kopplung mit Werkzeugmaschinen<br \/>\n<\/em><em>Werner: TU Chemnitz, Professur Elektrische Energiewandlungssysteme und Antriebe<\/em><\/li>\n<\/ul>\n<ul>\n<li><strong>C05<\/strong>: Modellgest\u00fctzte Methode zur Bewertung der L\u00f6sungsvarianten in Planung und Realisierung insbesondere unter thermo-energetischen, qualitativen und wirtschaftlichen Aspekten<br \/>\nEsswein: TU Dresden, Lehrstuhl f\u00fcr Wirtschaftsinformatik insb. Systementwicklung<br \/>\nWiemer: TU Dresden, Institut f\u00fcr Mechatronischen Maschinenbau, Professur f\u00fcr Werkzeugmaschinenentwicklung und adaptive Steuerung<\/li>\n<\/ul>\n<ul>\n<li><strong>C06<\/strong>: Methoden zur messtechnischen Erfassung von verhaltens- und betriebszustandsrelevanten Gr\u00f6\u00dfen entlang der thermischen Wirkungskette f\u00fcr Analyse, Bewertung, Simulation und Korrektur an einem spezifischen Versuchstr\u00e4ger<br \/>\nM\u00fcller: TU Dresden, Institut f\u00fcr Mechatronischen Maschinenbau, Professur f\u00fcr Werkzeugmaschinenentwicklung und adaptive Steuerung)<\/div><\/div><\/li>\n<\/ul>\n<div class=\"su-column su-column-size-1-3\"><div class=\"su-column-inner su-u-clearfix su-u-trim\"><a href=\"http:\/\/141.76.19.93\/SFBweb\/wp-content\/uploads\/2019\/07\/Bereich-C.png\"><img loading=\"lazy\" decoding=\"async\" class=\"alignnone wp-image-3469 size-medium\" src=\"http:\/\/141.76.19.93\/SFBweb\/wp-content\/uploads\/2019\/07\/Bereich-C-300x235.png\" alt=\"Illustration Projektbereich C: Komponenten- und Maschinengestaltung\" width=\"300\" height=\"235\" srcset=\"https:\/\/transregio96.webspace.tu-dresden.de\/wp-content\/uploads\/2019\/07\/Bereich-C-300x235.png 300w, https:\/\/transregio96.webspace.tu-dresden.de\/wp-content\/uploads\/2019\/07\/Bereich-C-383x300.png 383w, https:\/\/transregio96.webspace.tu-dresden.de\/wp-content\/uploads\/2019\/07\/Bereich-C.png 635w\" sizes=\"(max-width: 300px) 100vw, 300px\" \/><\/a><\/div><\/div><\/div>\n","protected":false},"excerpt":{"rendered":"","protected":false},"author":2,"featured_media":0,"parent":0,"menu_order":7,"comment_status":"closed","ping_status":"closed","template":"","meta":{"footnotes":""},"aioseo_notices":[],"_links":{"self":[{"href":"https:\/\/transregio96.webspace.tu-dresden.de\/index.php\/wp-json\/wp\/v2\/pages\/361"}],"collection":[{"href":"https:\/\/transregio96.webspace.tu-dresden.de\/index.php\/wp-json\/wp\/v2\/pages"}],"about":[{"href":"https:\/\/transregio96.webspace.tu-dresden.de\/index.php\/wp-json\/wp\/v2\/types\/page"}],"author":[{"embeddable":true,"href":"https:\/\/transregio96.webspace.tu-dresden.de\/index.php\/wp-json\/wp\/v2\/users\/2"}],"replies":[{"embeddable":true,"href":"https:\/\/transregio96.webspace.tu-dresden.de\/index.php\/wp-json\/wp\/v2\/comments?post=361"}],"version-history":[{"count":9,"href":"https:\/\/transregio96.webspace.tu-dresden.de\/index.php\/wp-json\/wp\/v2\/pages\/361\/revisions"}],"predecessor-version":[{"id":4161,"href":"https:\/\/transregio96.webspace.tu-dresden.de\/index.php\/wp-json\/wp\/v2\/pages\/361\/revisions\/4161"}],"wp:attachment":[{"href":"https:\/\/transregio96.webspace.tu-dresden.de\/index.php\/wp-json\/wp\/v2\/media?parent=361"}],"curies":[{"name":"wp","href":"https:\/\/api.w.org\/{rel}","templated":true}]}}