{"id":3967,"date":"2020-03-06T15:51:38","date_gmt":"2020-03-06T14:51:38","guid":{"rendered":"http:\/\/141.76.19.93\/SFBweb\/?page_id=3967"},"modified":"2020-03-06T15:56:06","modified_gmt":"2020-03-06T14:56:06","slug":"fruehjahrsseminar-2020","status":"publish","type":"page","link":"https:\/\/transregio96.webspace.tu-dresden.de\/index.php\/fruehjahrsseminar-2020\/","title":{"rendered":"Fr\u00fchjahrsseminar 2020"},"content":{"rendered":"<p>Hier stehen zeitnah Detailinformationen zum Fr\u00fchjahrsseminar 2020 in Aachen.<\/p>\n<p>27.5.2020<\/p>\n<ul>\n<li>16:00-17:00 Uhr: \u00a0 Begr\u00fc\u00dfung der G\u00e4ste im Haus K\u00f6nigsh\u00fcgel<\/li>\n<li>17:00-19:30 Uhr: \u00a0 Berufseinstieg mit und ohne Promotion, Speed Talk \u00a0 mit Promovierenden und Unternehmen<\/li>\n<\/ul>\n<p>28.5.2020<\/p>\n<ul>\n<li>09:00-12:00 Uhr:\u00a0 Workshop Wie pr\u00e4sentiere ich meine\u00a0 wissenschaftliche Arbeit optimal? (Prof. Kneer, WSA)<\/li>\n<li>14:00-16:00 Uhr: \u00a0 Mottostadtf\u00fchrung<\/li>\n<li>Ab 16:00 Uhr:\u00a0 Freiwillige Abendrunde<\/li>\n<\/ul>\n<p>29.5.2020<\/p>\n<ul>\n<li><b>09:00-15:00 Uhr:\u00a0 Workshop \u201e\u00dcberzeugend verhandeln\u201c <\/b><\/li>\n<li><b>12:00-13:00 Uhr: \u00a0 Gemeinsames Mittagessen <\/b><\/li>\n<li><b>16:00-17:00 Uhr:\u00a0 <\/b><b>eGo<\/b><b> Werksf\u00fchrung<\/b><\/li>\n<li><b>18:30-19:30 Uhr:\u00a0 Networking im <\/b><b>Escape<\/b> <b>Room<\/b><\/li>\n<\/ul>\n<h3>Anmeldung<\/h3>\n[wd_contact_form id=&#8220;12&#8243;]\n","protected":false},"excerpt":{"rendered":"<p>Hier stehen zeitnah Detailinformationen zum Fr\u00fchjahrsseminar 2020 in Aachen. 27.5.2020 16:00-17:00 Uhr: \u00a0 Begr\u00fc\u00dfung der G\u00e4ste im Haus K\u00f6nigsh\u00fcgel 17:00-19:30 Uhr: \u00a0 Berufseinstieg mit und ohne Promotion, Speed Talk \u00a0 mit Promovierenden und Unternehmen 28.5.2020 09:00-12:00 Uhr:\u00a0 Workshop Wie pr\u00e4sentiere ich meine\u00a0 wissenschaftliche Arbeit optimal? (Prof. Kneer, WSA) 14:00-16:00 Uhr: \u00a0 Mottostadtf\u00fchrung Ab 16:00 Uhr:\u00a0 Freiwillige<\/p>\n<p><a class=\"more-link\" href=\"https:\/\/transregio96.webspace.tu-dresden.de\/index.php\/fruehjahrsseminar-2020\/\">Weiterlesen<\/a><\/p>\n","protected":false},"author":2,"featured_media":0,"parent":0,"menu_order":0,"comment_status":"closed","ping_status":"closed","template":"sidebar-page.php","meta":{"footnotes":""},"aioseo_notices":[],"_links":{"self":[{"href":"https:\/\/transregio96.webspace.tu-dresden.de\/index.php\/wp-json\/wp\/v2\/pages\/3967"}],"collection":[{"href":"https:\/\/transregio96.webspace.tu-dresden.de\/index.php\/wp-json\/wp\/v2\/pages"}],"about":[{"href":"https:\/\/transregio96.webspace.tu-dresden.de\/index.php\/wp-json\/wp\/v2\/types\/page"}],"author":[{"embeddable":true,"href":"https:\/\/transregio96.webspace.tu-dresden.de\/index.php\/wp-json\/wp\/v2\/users\/2"}],"replies":[{"embeddable":true,"href":"https:\/\/transregio96.webspace.tu-dresden.de\/index.php\/wp-json\/wp\/v2\/comments?post=3967"}],"version-history":[{"count":4,"href":"https:\/\/transregio96.webspace.tu-dresden.de\/index.php\/wp-json\/wp\/v2\/pages\/3967\/revisions"}],"predecessor-version":[{"id":3971,"href":"https:\/\/transregio96.webspace.tu-dresden.de\/index.php\/wp-json\/wp\/v2\/pages\/3967\/revisions\/3971"}],"wp:attachment":[{"href":"https:\/\/transregio96.webspace.tu-dresden.de\/index.php\/wp-json\/wp\/v2\/media?parent=3967"}],"curies":[{"name":"wp","href":"https:\/\/api.w.org\/{rel}","templated":true}]}}