{"id":4070,"date":"2020-07-08T14:29:02","date_gmt":"2020-07-08T12:29:02","guid":{"rendered":"http:\/\/141.76.19.93\/SFBweb\/?page_id=4070"},"modified":"2020-11-19T10:47:13","modified_gmt":"2020-11-19T09:47:13","slug":"anmeldung-eroeffnungsstammtisch-2020","status":"publish","type":"page","link":"https:\/\/transregio96.webspace.tu-dresden.de\/index.php\/anmeldung-eroeffnungsstammtisch-2020\/","title":{"rendered":"Er\u00f6ffnungsstammtisch 2020\/21"},"content":{"rendered":"<p><strong>\u00a0&#8211; connectING stellt sich vor &#8211;<\/strong><\/p>\n<p>Liebe <strong>Erstie<\/strong>-Studentinnen aufgepasst!<\/p>\n<p><strong><span style=\"color: #ff0000;\">LEIDER F\u00c4LLT DIESE VERANSTALTUNG AUS.<\/span><\/strong><\/p>\n<p>Das neue Semester beginnt bald und wir wissen wie es ist, wenn so viel Neues auf einmal auf einen zukommt. Um euch dabei zu unterst\u00fctzen hat das connectING Team einen Stammtisch nur f\u00fcr euch geplant.<br \/>\nWas ist connectING?<\/p>\n<p>Im Rahmen der Frauenf\u00f6rderung an der Fakult\u00e4t Maschinenwesen wollen wir die beruflichen M\u00f6glichkeiten f\u00fcr Frauen verbessern. Dazu organisieren wir jedes Semester drei Stammtische, die Studentinnen und Mitarbeiterinnen zum Netzwerken dienen sollen. Diese stehen immer unter einem interessanten Thema und bieten so eine gelungene Mischung aus Input und einem lockeren Austausch bei gutem Essen und abseits des H\u00f6rsaals. Hier k\u00f6nnt ihr ungezwungen Fragen stellen und Dinge loswerden, die euch auf dem Herzen liegen. Ihr habt hier also die M\u00f6glichkeit euch im kleinen Rahmen kennenzulernen und erste Kontakte zu kn\u00fcpfen.<\/p>\n<p>Bei unserem Erstie-Stammtisch stehen erfahrene Studentinnen aus verschiedenen Studienrichtungen parat, um eure Fragen zum Studium zu beantworten und euch Tipps zu geben.<\/p>\n<p>Wir freuen uns darauf, euch zu treffen und auf einen gem\u00fctlichen Abend mit euch!<\/p>\n<p><strong>Was?<\/strong> Vorstellungsrunde connectING und Fragerunde zum Studium<\/p>\n<p><strong>Wann?<\/strong> 05.11.2020, 17 Uhr<\/p>\n<p><strong>Wo?<\/strong><\/p>\n<p>&nbsp;<\/p>\n","protected":false},"excerpt":{"rendered":"<p>\u00a0&#8211; connectING stellt sich vor &#8211; Liebe Erstie-Studentinnen aufgepasst! LEIDER F\u00c4LLT DIESE VERANSTALTUNG AUS. Das neue Semester beginnt bald und wir wissen wie es ist, wenn so viel Neues auf einmal auf einen zukommt. Um euch dabei zu unterst\u00fctzen hat das connectING Team einen Stammtisch nur f\u00fcr euch geplant. Was ist connectING? Im Rahmen der Frauenf\u00f6rderung<\/p>\n<p><a class=\"more-link\" href=\"https:\/\/transregio96.webspace.tu-dresden.de\/index.php\/anmeldung-eroeffnungsstammtisch-2020\/\">Weiterlesen<\/a><\/p>\n","protected":false},"author":2,"featured_media":0,"parent":0,"menu_order":0,"comment_status":"closed","ping_status":"closed","template":"","meta":{"footnotes":""},"aioseo_notices":[],"_links":{"self":[{"href":"https:\/\/transregio96.webspace.tu-dresden.de\/index.php\/wp-json\/wp\/v2\/pages\/4070"}],"collection":[{"href":"https:\/\/transregio96.webspace.tu-dresden.de\/index.php\/wp-json\/wp\/v2\/pages"}],"about":[{"href":"https:\/\/transregio96.webspace.tu-dresden.de\/index.php\/wp-json\/wp\/v2\/types\/page"}],"author":[{"embeddable":true,"href":"https:\/\/transregio96.webspace.tu-dresden.de\/index.php\/wp-json\/wp\/v2\/users\/2"}],"replies":[{"embeddable":true,"href":"https:\/\/transregio96.webspace.tu-dresden.de\/index.php\/wp-json\/wp\/v2\/comments?post=4070"}],"version-history":[{"count":12,"href":"https:\/\/transregio96.webspace.tu-dresden.de\/index.php\/wp-json\/wp\/v2\/pages\/4070\/revisions"}],"predecessor-version":[{"id":4211,"href":"https:\/\/transregio96.webspace.tu-dresden.de\/index.php\/wp-json\/wp\/v2\/pages\/4070\/revisions\/4211"}],"wp:attachment":[{"href":"https:\/\/transregio96.webspace.tu-dresden.de\/index.php\/wp-json\/wp\/v2\/media?parent=4070"}],"curies":[{"name":"wp","href":"https:\/\/api.w.org\/{rel}","templated":true}]}}