{"id":5042,"date":"2022-11-11T14:02:28","date_gmt":"2022-11-11T13:02:28","guid":{"rendered":"https:\/\/transregio96.webspace.tu-dresden.de\/?page_id=5042"},"modified":"2022-11-11T14:02:28","modified_gmt":"2022-11-11T13:02:28","slug":"herbst-seminar-2022-in-aachen","status":"publish","type":"page","link":"https:\/\/transregio96.webspace.tu-dresden.de\/index.php\/herbst-seminar-2022-in-aachen\/","title":{"rendered":"Herbst-Seminar 2022 in Aachen"},"content":{"rendered":"<p><a href=\"https:\/\/transregio96.webspace.tu-dresden.de\/wp-content\/uploads\/2022\/11\/Herbstseminar-Aachen-Bild-scaled.jpg\"><img loading=\"lazy\" decoding=\"async\" class=\"alignnone wp-image-5047 size-full\" src=\"https:\/\/transregio96.webspace.tu-dresden.de\/wp-content\/uploads\/2022\/11\/Herbstseminar-Aachen-Bild-scaled.jpg\" alt=\"\" width=\"2560\" height=\"1709\" srcset=\"https:\/\/transregio96.webspace.tu-dresden.de\/wp-content\/uploads\/2022\/11\/Herbstseminar-Aachen-Bild-scaled.jpg 2560w, https:\/\/transregio96.webspace.tu-dresden.de\/wp-content\/uploads\/2022\/11\/Herbstseminar-Aachen-Bild-300x200.jpg 300w, https:\/\/transregio96.webspace.tu-dresden.de\/wp-content\/uploads\/2022\/11\/Herbstseminar-Aachen-Bild-1024x684.jpg 1024w, https:\/\/transregio96.webspace.tu-dresden.de\/wp-content\/uploads\/2022\/11\/Herbstseminar-Aachen-Bild-768x513.jpg 768w, https:\/\/transregio96.webspace.tu-dresden.de\/wp-content\/uploads\/2022\/11\/Herbstseminar-Aachen-Bild-1536x1025.jpg 1536w, https:\/\/transregio96.webspace.tu-dresden.de\/wp-content\/uploads\/2022\/11\/Herbstseminar-Aachen-Bild-2048x1367.jpg 2048w, https:\/\/transregio96.webspace.tu-dresden.de\/wp-content\/uploads\/2022\/11\/Herbstseminar-Aachen-Bild-800x534.jpg 800w, https:\/\/transregio96.webspace.tu-dresden.de\/wp-content\/uploads\/2022\/11\/Herbstseminar-Aachen-Bild-272x182.jpg 272w\" sizes=\"(max-width: 2560px) 100vw, 2560px\" \/><\/a><\/p>\n<p>Liebe Studentinnen,<\/p>\n<p>in diesem Jahr laden wir euch herzlich zum Herbstseminar nach Aachen ein. Wir m\u00f6chten euch damit w\u00e4hrend des Studiums als zuk\u00fcnftige Absolventin und bei eurer Planung f\u00fcr euren weiteren Berufsweg unterst\u00fctzen.<\/p>\n<p><strong>Wann:\u00a0\u00a0<\/strong> 13. &#8211; 15. Dezember<\/p>\n<p><strong>Wo:\u00a0\u00a0\u00a0\u00a0\u00a0<\/strong>\u00a0 RWTH in Aachen<\/p>\n<p><strong>Thema: <\/strong>Softskillseminar f\u00fcr den Berufseinstieg mit und ohne Promotion<\/p>\n<p><strong>Ablauf:<\/strong><\/p>\n<p>13.12.2022, 18 Uhr: &#8222;Wege in die Wissenschaft &#8211; Promotion&#8220;<\/p>\n<p>14.12.2022, 9 &#8211; 16 Uhr: &#8222;Erfolgreich verkaufen &#8211; Gewinnbringend pr\u00e4sentieren&#8220;<\/p>\n<p>15.12.2022, 9 &#8211; 16 Uhr: &#8222;Redegeschick f\u00fcr Studentinnen: gelassen reagieren &#8211; clever kontern &#8211;<\/p>\n<p>schwierige Gespr\u00e4chssituationen elegant meistern&#8220;<\/p>\n<p>Au\u00dferdem ist ein Rahmenprogramm mit interessanten F\u00fchrungen und gemeinsamen Abendessen zum universit\u00e4ts\u00fcbergreifenden Networking zwischen den Studentinnen organisiert.<\/p>\n<p>F\u00fcr die An- und Abreise haben wir einen Bustransfer der TU Dresden organisiert und in Aachen sind bereits Unterk\u00fcnfte reserviert. Die Veranstaltung ist f\u00fcr alle Studentinnen des Maschinenwesens offen und selbstverst\u00e4ndlich kostenfrei.<\/p>\n<p>&nbsp;<\/p>\n<p>F\u00fcr Fragen stehen wir euch gern zur Verf\u00fcgung.<\/p>\n<p>Euer connectING-Team<\/p>\n<p>&nbsp;<\/p>\n<p>P.S.: Um einen Eindruck zu bekommen, was dich in etwa erwartet, kannst du dir das letzte Herbstseminar in Dresden anschauen:\u00a0 <a title=\"herbst-seminar 2019 in dresden\" href=\"https:\/\/transregio96.webspace.tu-dresden.de\/index.php\/forderung-von-gleichstellung-und-wissenschaftlichem-nachwuchs\/anmeldung-zum-aktuellen-herbstseminar-und-infos-zu-2019\/\">https:\/\/transregio96.webspace.tu-dresden.de\/index.php\/forderung-von-gleichstellung-und-wissenschaftlichem-nachwuchs\/anmeldung-zum-aktuellen-herbstseminar-und-infos-zu-2019\/<\/a><\/p>\n<p>&nbsp;<\/p>\n<p>Aus Organisationsgr\u00fcnden w\u00fcrden wir uns \u00fcber eine zeitnahe Anmeldung freuen. Bitte nutzt dazu das folgenden Formular, um euch <strong>verbindlich<\/strong> anzumelden. Hast Du Interesse, aber es gibt noch Unsicherheiten, ob du teilnehmen kannst, sende bitte eine Email an cornelia.balcerzak@tu-dresden.de.<\/p>\n[wd_contact_form id=&#8220;27&#8243;]\n<p>&nbsp;<\/p>\n<p>&nbsp;<\/p>\n","protected":false},"excerpt":{"rendered":"<p>Liebe Studentinnen, in diesem Jahr laden wir euch herzlich zum Herbstseminar nach Aachen ein. Wir m\u00f6chten euch damit w\u00e4hrend des Studiums als zuk\u00fcnftige Absolventin und bei eurer Planung f\u00fcr euren weiteren Berufsweg unterst\u00fctzen. Wann:\u00a0\u00a0 13. &#8211; 15. Dezember Wo:\u00a0\u00a0\u00a0\u00a0\u00a0\u00a0 RWTH in Aachen Thema: Softskillseminar f\u00fcr den Berufseinstieg mit und ohne Promotion Ablauf: 13.12.2022, 18 Uhr: &#8222;Wege<\/p>\n<p><a class=\"more-link\" href=\"https:\/\/transregio96.webspace.tu-dresden.de\/index.php\/herbst-seminar-2022-in-aachen\/\">Weiterlesen<\/a><\/p>\n","protected":false},"author":16,"featured_media":0,"parent":0,"menu_order":0,"comment_status":"closed","ping_status":"closed","template":"","meta":{"footnotes":""},"aioseo_notices":[],"_links":{"self":[{"href":"https:\/\/transregio96.webspace.tu-dresden.de\/index.php\/wp-json\/wp\/v2\/pages\/5042"}],"collection":[{"href":"https:\/\/transregio96.webspace.tu-dresden.de\/index.php\/wp-json\/wp\/v2\/pages"}],"about":[{"href":"https:\/\/transregio96.webspace.tu-dresden.de\/index.php\/wp-json\/wp\/v2\/types\/page"}],"author":[{"embeddable":true,"href":"https:\/\/transregio96.webspace.tu-dresden.de\/index.php\/wp-json\/wp\/v2\/users\/16"}],"replies":[{"embeddable":true,"href":"https:\/\/transregio96.webspace.tu-dresden.de\/index.php\/wp-json\/wp\/v2\/comments?post=5042"}],"version-history":[{"count":7,"href":"https:\/\/transregio96.webspace.tu-dresden.de\/index.php\/wp-json\/wp\/v2\/pages\/5042\/revisions"}],"predecessor-version":[{"id":5050,"href":"https:\/\/transregio96.webspace.tu-dresden.de\/index.php\/wp-json\/wp\/v2\/pages\/5042\/revisions\/5050"}],"wp:attachment":[{"href":"https:\/\/transregio96.webspace.tu-dresden.de\/index.php\/wp-json\/wp\/v2\/media?parent=5042"}],"curies":[{"name":"wp","href":"https:\/\/api.w.org\/{rel}","templated":true}]}}